((-6530646)/(-124))/(-1 - (-5)/2)?
35111
Let b be (0 + -17)*((-12)/4)/3. Suppose 125 = b*g - 2969. What are the prime factors of g?
2, 7, 13
Suppose -6*s + 9*s - 9 = 0, -3*s = -5*u + 571. What are the prime factors of 2/(-2) + (u*6 - -6)?
701
Let t = 3242 - -4014. List the prime factors of t.
2, 907
Let k(l) = -44*l**3 - 2*l**2 + 6*l - 57. List the prime factors of k(-9).
3, 10601
Let v(c) be the first derivative of 3*c**3 + 3*c**2/2 - 10*c + 16. Let g be v(5). Suppose 5*r - g = 190. List the prime factors of r.
2, 3, 7
Let j = 37163 - 19365. List the prime factors of j.
2, 11, 809
List the prime factors of (-1581)/136*-16*121/6.
11, 31
Let n be (-1)/(-2)*-1*0 + 4. Let i be 2 + 1363 + n + 0. Suppose -15*v + i + 1841 = 0. What are the prime factors of v?
2, 107
Suppose q + 8 = -3*q, 3*q - 359 = 5*j. Let v = 38 + j. List the prime factors of -3*1*v/21.
5
Let z(x) = -x**3 + x - 1. Let i be z(-3). Let r(d) = 17*d + 43. Let l be r(i). Suppose -8*y + l + 942 = 0. List the prime factors of y.
2, 43
Suppose 2459*a + 107580 = 2465*a. List the prime factors of a.
2, 5, 11, 163
Let v = 61 + -56. Suppose -z + v = 2. Suppose 0 = -3*d + 4*u + 469, -d - 4*d + z*u + 767 = 0. What are the prime factors of d?
151
Let v = -3 - -14. Suppose 0 = -2*j + 4*w + 18, -j + 7 + 34 = 6*w. Suppose 2*c - v - j = 0. List the prime factors of c.
2, 7
Let a be (-59)/(-3) - (-1 - 14/(-21)). Suppose 12*m - a*m = -2240. What are the prime factors of m?
2, 5, 7
Let g be 4/(-4)*3 - -3. Suppose -4*j + 2*j + 6 = g. Suppose 0 = -2*a + 3*q + 23, -7*a + 53 = -5*a + j*q. List the prime factors of a.
19
Let x = 552 + -538. Suppose 5*j - 4*f - 1303 = 21, 5*j + 2*f = 1318. Suppose j = 17*y - x*y. What are the prime factors of y?
2, 11
Suppose 2*c + 3*f = 38, 2*f - 19 = -5*c + 4*c. Let l be ((-3)/2)/(3/(-1240)). Suppose -14*h = -c*h + l. List the prime factors of h.
2, 31
Let l be (3 - 15/6)*258. Suppose -7*n - 41 = 351. Let s = l + n. List the prime factors of s.
73
Let c = 365 + 521. Let v = c + -375. List the prime factors of v.
7, 73
Let l = 88 + -84. Let n be -1*(3/l)/(-3)*4. What are the prime factors of (0 + n)*(77 + -21)?
2, 7
Let u(p) = -p**3 + 11*p**2 - 7*p - 14. Let v be u(10). Suppose -5*f + v = -14. Suppose 30 = -n + f*n. What are the prime factors of n?
2, 3
Let a(w) = -147 - 2*w - w + 2*w + 11*w + 11*w. List the prime factors of a(21).
2, 3, 7
Let d = 50296 + 2899. List the prime factors of d.
5, 10639
Let h = 12 - 9. Suppose -6*a + 3*a + 5*d = -24, h*d - 6 = -5*a. Suppose 0 = -a*b - 6*b + 1278. List the prime factors of b.
2, 71
Suppose -7*v + 1093 = -2057. Let u = -62 + v. What are the prime factors of u?
2, 97
Suppose s = -4*q + 25, -3*s + 35 = -q + 5*q. Suppose s*o + 1179 = 4814. What are the prime factors of o?
727
Suppose -5029*j = -5048*j + 432972. What are the prime factors of j?
2, 3, 211
Let u(a) = 8*a**3 + 26*a**2 - 16*a + 62. Let i be u(-20). What are the prime factors of (i/287)/(2/(-14))?
2, 11, 59
Let g(s) = 2*s**2 + 20*s. Let t be g(-10). Suppose t = v + 2, 3*v = -d - 2*d + 57. What are the prime factors of d?
3, 7
Let x = 948 - 960. List the prime factors of (x/27 - 0) + 47788/117.
2, 3, 17
Let k(n) = -434*n + 11. Let q be k(-3). Let s = q + -920. What are the prime factors of s?
3, 131
Let l be (-52)/(-14) - (-2)/7. Let w = 490 - 165. Suppose -m - 395 = -5*o, -l*o + 2*m + w = 3*m. What are the prime factors of o?
2, 5
Let g(k) = 135*k + 8. Let h be g(5). Suppose -h - 571 = -6*r. Suppose 5*i = -4*j + 531, 2*i + 3*j - r - 2 = 0. List the prime factors of i.
107
Let a be ((-2)/9)/((-5)/(-45)). Suppose 5*z - 428 = z. Let d = z - a. What are the prime factors of d?
109
Suppose -6 + 0 = 2*z, 2*s = 4*z + 20. Suppose -b - s = -0*b. What are the prime factors of 1/((5/730)/((-2)/b))?
73
Let h = -64820 - -115396. What are the prime factors of h?
2, 29, 109
Suppose -3*i = -5*a + 60793, -94*a - 60757 = -99*a - 3*i. List the prime factors of a.
5, 11, 13, 17
Let p be 1/(-5) - 116/(-5). Let x = p + -73. Let l = x + 87. What are the prime factors of l?
37
Let o(z) = z**2 + 11*z - 14. Let q be o(-12). What are the prime factors of q/(-8) + (-21)/(-12) - -3?
5
Suppose -3*u + 2*u + 9 = 2*t, -2*u + 3*t = -25. Suppose -u*y = -7*y - 168. Suppose 906 = 4*a - y. What are the prime factors of a?
3, 79
Let u(m) = -13*m - 20. Let w be u(-3). Suppose 3 = -2*p - 5*a, -3*a - w = 5*p - 2*a. What are the prime factors of 1/(3908/488 + p - 4)?
2, 61
Let v(a) = 0*a - 1 - 8*a - 9*a - 1. Let b be v(-4). Let u = -43 + b. What are the prime factors of u?
23
Suppose 5*z - 143 = -148. What are the prime factors of ((-5)/(-15))/(z/(-501))?
167
Let j = -10847 + 19432. What are the prime factors of j?
5, 17, 101
What are the prime factors of 32113*(-28)/((-154)/11)?
2, 17, 1889
Suppose 0 = -14*i - 2*i - 48512. Let m = i - -4251. What are the prime factors of m?
23, 53
Let l(o) = 14*o**3 - 307*o**2 - 58*o - 65. List the prime factors of l(28).
64951
Suppose -3*k - 3*b - 5 = -8*b, 5*k = -b + 1. Suppose k = 2*i + 2, -3*i + 1 = -3*j + 37. Suppose -24 = -j*y + 9*y. What are the prime factors of y?
2, 3
Let b(p) = -316*p - 147. Let z be b(-4). Suppose v = 4*w + 1102, 3*v - 2*v - w - z = 0. List the prime factors of v.
2, 3, 11, 17
Let u = 20 + 4. Suppose -5*c + 0*c = -4*n - 30, -u = -4*c + 2*n. Suppose -467 + 1223 = c*s. List the prime factors of s.
2, 3, 7
Let a(q) = -131*q - 92. Suppose 6*k + 5*s - 20 = 11*k, s = -k - 8. List the prime factors of a(k).
2, 347
Suppose 3063735 = -69*l + 37*l + 77*l. List the prime factors of l.
103, 661
Let o be 22/(-4)*-2 + (-8 - -7). Suppose -f = -2*v + 4, -2*f = -2*v + o - 6. Let m = 33 + f. What are the prime factors of m?
3, 11
Suppose 209 = -14*k - 1. List the prime factors of (156/k)/((-1)/80).
2, 13
What are the prime factors of (990/24)/((-9)/(-5988))?
5, 11, 499
Let t = -30 + 30. Let m be (-509)/(-1 + t/(-1)). Suppose -5*l = -m + 144. List the prime factors of l.
73
Let x(d) = 2*d**3 + 159*d**2 - 108*d - 710. List the prime factors of x(-80).
2, 3, 5, 17
Suppose -13*m + 13*m + 2*m = 32860. List the prime factors of m.
2, 5, 31, 53
Suppose -4*z = 4*w - 10408, 0 = 4*w - 4*z - 10413 - 19. List the prime factors of w.
5, 521
Let u(m) = m**3 + 16*m**2 - m - 19. Let b be u(-16). Let x be ((-11064)/(-40) - b) + (-6)/10. Let n = x + -178. List the prime factors of n.
101
Suppose 143*o - 77*o = 979968. What are the prime factors of o?
2, 29
Let h be (-6 - 6/(-2))*-1. Suppose -3*s - 2*z = h*z - 850, 4*s + 5*z = 1125. Let b = s - 177. List the prime factors of b.
2, 7
Let o = 335 + -364. Let c = o + 455. What are the prime factors of c?
2, 3, 71
What are the prime factors of (-4)/(-11) - (-9 - 402570/385)?
5, 211
Suppose 2*b - 31904 = -2*c, -239*c + 63766 = -235*c - 2*b. List the prime factors of c.
3, 5, 1063
Let l(p) = -290*p**3 + 39*p**2 + 7*p + 15. What are the prime factors of l(-3)?
3, 5, 109
Let n = -51 + -4. Let x = -51 - n. Suppose -d + 66 = 2*k + 2*d, -4*d - 172 = -x*k. List the prime factors of k.
3, 13
Suppose -9958 = -v - 2*l, 2*v - l = -476 + 20417. What are the prime factors of v?
2, 7, 89
Suppose 6 = 3*w - w. Suppose 4*j - 1316 = -w*u, -5*j + 1312 = -j + 2*u. List the prime factors of j.
2, 163
Suppose 129*f - 392 = 127*f. What are the prime factors of ((-48)/(-56))/((-194)/f - -1)?
2, 3, 7
Suppose 42*f + 38*f - 180532 = 36*f. List the prime factors of f.
11, 373
Suppose 15*q = 5*q - 1840. Let f = -180 - q. List the prime factors of f.
2
List the prime factors of ((-4524)/(-182))/((-3)/(-112)).
2, 29
Let r = -562 - -421. Let c = 602 + r. List the prime factors of c.
461
Let b(k) = -k**2 - 10*k - 12. Let f be b(-8). Let a(i) = i**3 - 4*i**2 + i - 1. Let t be a(f). Suppose t*z - 37 = 41. List the prime factors of z.
2, 13
Let x(t) = -t**3 - 51*t**2 - 19*t + 235. What are the prime factors of x(-52)?
3, 7, 11, 17
Suppose -4*d + d = -4*f - 17, -6 = 3*f. Suppose -4*w = 4*x + w - 346, 5*x - d*w - 451 = 0. Let r = 1 + x. What are the prime factors of r?
2, 3, 5
Let i be (-2011)/2 + (-40)/16. Let x = i + 1426. What are the prime factors of x?
2, 11, 19
Suppose 82*a - 345 = 59*a. Suppose -15608 + 413 = -a*w. List the prime factors of w.
1013
Let n = 591 + -156. Suppose 4 - 9 = -5*s, -2*a - 3*s + n = 0. List the prime factors of ((-1)/(5/a))/(6/(-20)).
2, 3
Let q